ed by g?
31
Suppose 5*h - 3*h - 290 = 0. Let r = -83 + h. Suppose -8 = 3*p - r. Calculate the remainder when 70 is divided by p.
16
What is the remainder when (-5)/(((20/(-15))/2)/138) is divided by 26?
21
Let u(z) = 79*z**2 + 24*z - 39. What is the remainder when u(-4) is divided by 19?
8
Calculate the remainder when 1124 is divided by (-10562)/(-19) - (-248)/2356.
12
Suppose o = -5*j + 30, j + 3*o = -19 + 25. Let c(s) = 2*s**2 - 7*s + 5. Let v be c(4). Let g = 18 - v. What is the remainder when g is divided by j?
3
Let c(r) = 6*r - 92. Let w = 78 - 61. Calculate the remainder when 2/(-4) + 111/6 is divided by c(w).
8
Suppose 0 = -8*c + 702 - 174. What is the remainder when (6 - 4776/16)*(-2)/3 is divided by c?
63
Let m = 216 + -844. Let q = -471 - m. What is the remainder when q is divided by 46?
19
Let q = -4101 - -4420. Calculate the remainder when q is divided by 174.
145
Let p(f) be the third derivative of f**6/120 - f**5/30 - f**4/2 + 13*f**3/2 - 8*f**2 + 20. What is the remainder when 113 is divided by p(0)?
35
Suppose 61*s = 94*s - 66. Let o(b) = -30*b + 84. What is the remainder when 34 is divided by o(s)?
10
Suppose 6*v = 3*v + 9. Suppose 2*g - 3*g + 29 = 0. Suppose 25*h + 52 = g*h. What is the remainder when h is divided by v?
1
Let k(i) = 9*i + 3. Let g be k(7). Suppose 38 = 2*n + g. What is the remainder when 1089/57 + n/133 is divided by 11?
8
Let s = 45 - 72. Let a = s + 19. Calculate the remainder when 4 is divided by ((-6)/a)/(-6*(-5)/120).
1
Suppose -24*a - 61399 = -143*a + 51056. Calculate the remainder when a is divided by 58.
17
Let c be (30/20)/3*2/1. Calculate the remainder when (1 + 1)/(c/((-159)/(-6))) is divided by 12.
5
Suppose 7*b = 5*b + 6. Let s = -7 + b. Calculate the remainder when 50/s*40/(-25) is divided by 12.
8
Let a = 1686 + -1644. Calculate the remainder when a is divided by (2/(-4))/(3/(-78)).
3
Calculate the remainder when 5 + 114/(-22) + 75712/176 is divided by 374.
56
Let n be (6/4 - (-5130)/532)*7. Suppose h - 85 = 5*i + n, -5*i - 755 = -5*h. What is the remainder when h is divided by 19?
15
Let a(p) = p**2 - 3*p + 9. Let k(o) = o**2 - o. Let u be k(-2). Let v(w) = w**3 + 6*w**2 + 50*w + 406. Calculate the remainder when a(u) is divided by v(-7).
6
Let g = 10 + -22. Let v(u) be the second derivative of u**4/12 + 11*u**3/6 + 6*u**2 + u - 235. Calculate the remainder when 69 is divided by v(g).
21
Let h be (-2 + 1)/(8/72). Suppose 1 = -c, -3*c = 2*q - q - 10. What is the remainder when (13/(195/(-230)))/(6/h) is divided by q?
10
Let d = -9 - -20. Let i(w) = -5*w + 52. Let f be i(9). Suppose f*b - 93 = 47. Calculate the remainder when b is divided by d.
9
Let w(z) = 3*z**2 + 27*z - 1. Let b be w(-11). Suppose 35 = 4*i - b. Let v = i - -28. What is the remainder when v is divided by 5?
3
What is the remainder when 56/14 + -8 + (723 - 3) is divided by 107?
74
Suppose 3*r = -j + 15941, -10650 = -2*r + 490*j - 485*j. Calculate the remainder when r is divided by 17.
11
Suppose -4*p - 308 = -8*p + 2*m, 2*m = -8. Suppose -10*g + 5*g = -p. Calculate the remainder when 87 is divided by g.
12
Suppose 0 = -3*f, 7 = v - 3*f + f. Let a(s) = 6*s + 5. Suppose -270*d = -273*d + 36. What is the remainder when a(v) is divided by d?
11
Let j(h) = 7 - 3*h + 4*h + 23 + h. Calculate the remainder when 26 is divided by j(-10).
6
Let l(x) = -256*x + 1124. Calculate the remainder when l(4) is divided by -11*(0 - 1) + -3.
4
Suppose -2761*w + 2044 = -2733*w. What is the remainder when 5909 is divided by w?
69
Let k(m) be the first derivative of m**4/4 - m**3/3 + 2*m**2 - 12*m + 17. What is the remainder when 80 is divided by k(3)?
8
Let f(u) = u + 16. Let c be f(-9). Suppose c*v - 6*v = 93. Let m = v + 4. Calculate the remainder when m is divided by 25.
22
Let r(z) = 3*z**2 - 16*z - 3. Let c be r(6). Calculate the remainder when 34 is divided by (62 + 1)*3/c.
13
Let n = -12659 - -16595. What is the remainder when n is divided by 11?
9
Let h be ((-105)/(-6) - 3)/((-1)/2). Let v(g) = -g**3 - 34*g**2 - 151*g - 22. What is the remainder when v(h) is divided by 42?
26
Let d(n) = 5*n**2 - n + 1. Let m be d(1). Suppose 0 = -296*s + 301*s + 125. Calculate the remainder when 142 + m*(-5)/s is divided by 24.
23
Let z(r) = 89*r - 85. Let v be z(1). Suppose 4*i - v*p = -8*p + 216, -5*p - 10 = 0. What is the remainder when i is divided by 46?
10
Let b = 38 + -23. Suppose -474 = -57*v + 6138. What is the remainder when v is divided by b?
11
Suppose -165*g + 64 = -161*g. What is the remainder when 41 is divided by 4/g + (-134)/(-8)?
7
Let d = -4796 - -5684. What is the remainder when d is divided by 27?
24
Let g = -5613 + 5622. Let n(l) = -l**3 + 8*l**2 + 11*l - 12. Let x(m) = 6*m - 3. Let a be x(2). Calculate the remainder when g is divided by n(a).
3
Suppose -11*d = -62 - 59. Calculate the remainder when 25 is divided by d.
3
Let u = -14 - -18. Suppose y + 4*l = 55, u*y + 2*l = 72 + 120. What is the remainder when y is divided by 26?
21
Let p(i) = 2*i - 8. Suppose 4*r = -5*w + 34, 5*r = 3*w - 0*r - 13. Let g be p(w). Suppose -g*f - 128 = -8*f. What is the remainder when f is divided by 17?
15
Let i(p) = -4*p - 69*p**2 + 0*p + 71*p**2 + 4 - 4*p. What is the remainder when 165 is divided by i(5)?
11
Let o(j) = j**3 - 5*j**2 + 231*j - 1658. Suppose y + 60 = -0*y. What is the remainder when o(7) is divided by ((-4)/(-10))/((-2)/y)?
9
Suppose -5*d + 191 = 2*s + 13, s = 4. Let g(x) = -17*x + 999. What is the remainder when g(47) is divided by d?
30
Let r(j) = -j**3 + 8*j**2 + 29*j + 36. Let d be r(11). What is the remainder when (66/d - 0)*(-1936)/132 is divided by 61?
60
Let i(r) = 63*r + 4359. Calculate the remainder when i(-62) is divided by 89.
8
Let p = 5 - -23. Let m(j) = -1546*j + 29762. Calculate the remainder when m(19) is divided by p.
24
Let n = -2222 - -2245. What is the remainder when 32 is divided by n?
9
Let i(j) = 7*j**2 - 4*j**2 + 3*j**2 - 14 + 6*j**2 - j**3. Let r be i(10). Let d = r + -125. Calculate the remainder when d is divided by 16.
13
Let i(j) = -j**3 + 33*j**2 + 89*j - 140. What is the remainder when i(35) is divided by 178?
169
Suppose -9*i - 63*i = 7*i - 12245. What is the remainder when i is divided by 142?
13
Suppose -4*p + 138 = -5*y - 7, 10 = p + 4*y. What is the remainder when p is divided by ((-36)/(-2) + -1)/(-7 - -8)?
13
Let r(k) = -k**3 + 5*k + 2. Let j be 17/(-34)*17*2. Let h = j - -22. What is the remainder when r(-3) is divided by h?
4
Calculate the remainder when 221 is divided by (-352)/(-72)*9 - -25.
14
Let l = -2140 - -2151. Suppose 0 = 4*r + k - l, 38*r = 37*r - 4*k - 16. Suppose -2*a + a + 13 = 0. Calculate the remainder when a is divided by r.
1
Suppose 0 = -2386*n + 2287*n + 18216. Calculate the remainder when 272 is divided by n.
88
Let t = 9938 - 7300. What is the remainder when t is divided by 16?
14
Suppose -4*r - r + 1155 = 0. Suppose 4*x = o + r, -12*o = 3*x - 11*o - 168. Calculate the remainder when x is divided by 31.
26
Let w(m) = -m**2 + 47*m - 196. What is the remainder when w(16) is divided by 156?
144
Suppose -5*m - 3*s = -52 - 26, 5*m = 4*s + 71. Let y be (-9 - -6)/(m/6 - 1). What is the remainder when ((-1)/y)/((-1)/(-28)) is divided by 11?
3
Let l = -20650 - -20934. What is the remainder when l is divided by 15?
14
Calculate the remainder when 248 is divided by (-9)/(-12) + 148/16.
8
Suppose -2*l - 5*a - 19 + 7 = 0, a + 28 = -2*l. What is the remainder when 249 is divided by (-1059)/(-21) - l/28?
45
Suppose x + 7*x - 6300 = -2*x. What is the remainder when 688 is divided by x?
58
Suppose 443*i + 329 = 444*i + 5*h, -1370 = -4*i - 2*h. Calculate the remainder when i is divided by 13.
6
Suppose -91 = -4*n + h, 0 = -22*h + 21*h - 7. Suppose -3*f + 148 = f. What is the remainder when f is divided by n?
16
Let i(t) = -5*t**2 - 11*t - 15. Let k be i(-6). Let u = 137 + k. What is the remainder when 25 is divided by (-636)/(-45) + u/(-60)?
11
Let v be 2/(-14) - ((-1752)/14 + -1). Suppose 13*o - v = -35. Suppose -6*t = -3*t + 3*q - 21, -5*q = -t - 11. Calculate the remainder when o is divided by t.
3
Let x(d) = d**2 - d - 17. Let h be x(6). Suppose -n + 16*l - h*l + 57 = 0, -5*n = -3*l - 225. Calculate the remainder when n is divided by 17.
8
Suppose -5*v + 3*i + 4453 = i, -i + 1792 = 2*v.